lculate the remainder when 236471 is divided by 130.
1
What is the remainder when 7096556 is divided by 57?
56
What is the remainder when 206567741 is divided by 6142?
6139
Calculate the remainder when 1491570 is divided by 497179.
33
Calculate the remainder when 7943660 is divided by 17194.
32
Calculate the remainder when 6125121 is divided by 2186.
2135
Calculate the remainder when 1059268971 is divided by 4468.
4467
Calculate the remainder when 118010 is divided by 5187.
3896
What is the remainder when 43080956 is divided by 77?
72
Calculate the remainder when 471048 is divided by 312.
240
What is the remainder when 563768 is divided by 5812?
4
What is the remainder when 984854 is divided by 328265?
59
Calculate the remainder when 435212269 is divided by 627107.
11
Calculate the remainder when 57242 is divided by 13222.
4354
Calculate the remainder when 2284242 is divided by 3461.
3443
Calculate the remainder when 648565370 is divided by 4634.
4632
Calculate the remainder when 272158 is divided by 672.
670
What is the remainder when 4480674 is divided by 896131?
19
What is the remainder when 58829471 is divided by 155?
151
Calculate the remainder when 563449 is divided by 753.
205
What is the remainder when 8461104 is divided by 1847?
1844
What is the remainder when 148116 is divided by 12032?
3732
What is the remainder when 3200586 is divided by 546?
480
Calculate the remainder when 11903923 is divided by 188951.
10
What is the remainder when 34034 is divided by 2524?
1222
What is the remainder when 137870520 is divided by 3199?
18
Calculate the remainder when 281607 is divided by 10823.
209
Calculate the remainder when 1948705 is divided by 3719.
3668
Calculate the remainder when 53488 is divided by 1233.
469
What is the remainder when 184854 is divided by 150?
54
What is the remainder when 16975878 is divided by 154?
150
Calculate the remainder when 1982656 is divided by 330439.
22
What is the remainder when 21882263 is divided by 38?
1
What is the remainder when 103183082 is divided by 61?
57
Calculate the remainder when 85138512 is divided by 107.
3
Calculate the remainder when 647651 is divided by 107849.
557
What is the remainder when 10760500 is divided by 804?
568
Calculate the remainder when 3609124 is divided by 84.
64
What is the remainder when 20008780 is divided by 20008746?
34
Calculate the remainder when 765041 is divided by 29300.
3241
Calculate the remainder when 62570838 is divided by 294.
288
Calculate the remainder when 1140107 is divided by 1804.
1783
Calculate the remainder when 15668525 is divided by 1113.
824
Calculate the remainder when 1783967 is divided by 127426.
3
Calculate the remainder when 1113100 is divided by 1504.
140
What is the remainder when 5873051 is divided by 734122?
75
What is the remainder when 13023876 is divided by 685467?
3
Calculate the remainder when 318305 is divided by 9212.
5097
What is the remainder when 6412803 is divided by 3206389?
25
What is the remainder when 2654446 is divided by 1362?
1270
What is the remainder when 4679381 is divided by 479?
30
Calculate the remainder when 324046 is divided by 3372.
334
What is the remainder when 164726886 is divided by 3202?
3198
Calculate the remainder when 786450 is divided by 259899.
6753
Calculate the remainder when 156193 is divided by 430.
103
Calculate the remainder when 1236478 is divided by 58879.
19
Calculate the remainder when 4508418 is divided by 300555.
93
What is the remainder when 24073455 is divided by 74?
71
Calculate the remainder when 3633840 is divided by 32.
16
What is the remainder when 2389532 is divided by 1757?
12
Calculate the remainder when 400872674 is divided by 5.
4
What is the remainder when 376614 is divided by 870?
774
Calculate the remainder when 523523 is divided by 5235.
23
Calculate the remainder when 8726428 is divided by 22.
18
Calculate the remainder when 199956 is divided by 1667.
1583
What is the remainder when 396622 is divided by 67?
49
What is the remainder when 1865912 is divided by 80?
72
Calculate the remainder when 13691311 is divided by 763.
39
What is the remainder when 631225 is divided by 11271?
49
Calculate the remainder when 47643 is divided by 9507.
108
What is the remainder when 527215 is divided by 175539?
598
Calculate the remainder when 12214052 is divided by 90.
62
Calculate the remainder when 23843500 is divided by 1088.
1068
What is the remainder when 31499 is divided by 3121?
289
Calculate the remainder when 9453326 is divided by 9453305.
21
Calculate the remainder when 23021949 is divided by 38.
29
What is the remainder when 183013 is divided by 45746?
29
What is the remainder when 13378 is divided by 3210?
538
Calculate the remainder when 6719228 is divided by 49772.
8
What is the remainder when 194218 is divided by 103?
63
Calculate the remainder when 2427726 is divided by 2064.
462
What is the remainder when 50488736 is divided by 10?
6
Calculate the remainder when 31025 is divided by 26617.
4408
What is the remainder when 1141499 is divided by 16307?
9
Calculate the remainder when 1900119 is divided by 118755.
39
What is the remainder when 157463056 is divided by 1466?
1462
Calculate the remainder when 727252 is divided by 303.
52
What is the remainder when 6158388 is divided by 81029?
184
What is the remainder when 220645383 is divided by 6108?
6099
Calculate the remainder when 124378183 is divided by 963.
955
What is the remainder when 2613776 is divided by 217811?
44
Calculate the remainder when 539192 is divided by 178344.
4160
Calculate the remainder when 359807 is divided by 351167.
8640
Calculate the remainder when 904595 is divided by 411.
395
What is the remainder when 15922534 is divided by 15922504?
30
What is the remainder when 2592882 is divided by 2881?
2863
What is the remainder when 217373 is divided by 106027?
5319
Calculate the remainder when 61812161 is divided by 15.
11
Calculate the remainder when 25858 is divided by 2932.
2402
What is the remainder when 225944 is divided by 220?
4
What is the remainder when 32780 is divided by 9806?
3362
Calculate the remainder when 51167971 is divided by 12791979.
55
What is the remainder when 7420619 is divided by 8?
3
Calculate the remainder when 7700 is divided by 67.
62
Calculate the remainder when 820390 is divided by 205072.
102
Calculate the remainder when 607758 is divided by 607697.
61
Calculate the remainder when 4203513 is divided by 45.
18
Calculate the remainder when 5546201 is divided by 44.
1
What is the remainder when 55332 is divided by 1796?
1452
What is the remainder when 957511 is divided by 19?
6
Calculate the remainder when 2975541 is divided by 156.
153
What is the remainder when 408932 is divided by 360?
332
Calculate the remainder when 698155 is divided by 172.
7
Calculate the remainder when 6332252 is divided by 336.
332
What is the remainder when 705482567 is divided by 42?
41
Calculate the remainder when 1297225 is divided by 31637.
108
Calculate the remainder when 2831346 is divided by 469.
462
What is the remainder when 24570 is divided by 278?
106
What is the remainder when 3489 is divided by 771?
405
Calculate the remainder when 6028902 is divided by 147.
138
What is the remainder when 785108 is divided by 784910?
198
Calculate the remainder when 15294199 is divided by 445.
439
What is the remainder when 5929905 is divided by 16657?
13
Calculate the remainder when 233726 is divided by 258.
236
What is the remainder when 32062310 is divided by 266?
0
What is the remainder when 34104311 is divided by 1683?
1682
Calculate the remainder when 75384 is divided by 2859.
1050
What is the remainder when 62041 is divided by 926?
925
Calculate the remainder when 16637457 is divided by 24539.
15
Calculate the remainder when 111916223 is divided by 36.
35
What is the remainder when 36600227 is divided by 1556?
1551
Calculate the remainder when 3973980 is divided by 985.
490
What is the remainder when 1575080 is divided by 6114?
3782
Calculate the remainder when 38138013 is divided by 2423.
2416
Calculate the remainder when 76855 is divided by 25450.
505
What is the remainder when 86173 is divided by 1028?
849
Calculate the remainder when 165213 is divided by 3515.
8
What is the remainder when 1261